{"id":1174,"date":"2024-07-28T17:58:38","date_gmt":"2024-07-28T15:58:38","guid":{"rendered":"https:\/\/pumpuruvsk.jurmala.lv\/wordpress\/?page_id=1174"},"modified":"2026-02-18T20:48:20","modified_gmt":"2026-02-18T18:48:20","slug":"1-klase","status":"publish","type":"page","link":"https:\/\/pumpuruvsk.jurmala.lv\/?page_id=1174","title":{"rendered":"1. KLASE"},"content":{"rendered":"\t\t<div data-elementor-type=\"wp-page\" data-elementor-id=\"1174\" class=\"elementor elementor-1174\">\n\t\t\t\t<div class=\"elementor-element elementor-element-d3cb378 e-flex e-con-boxed e-con e-parent\" data-id=\"d3cb378\" data-element_type=\"container\">\n\t\t\t\t\t<div class=\"e-con-inner\">\n\t\t\t\t<div class=\"elementor-element elementor-element-0ef1659 elementor-widget elementor-widget-text-editor\" data-id=\"0ef1659\" data-element_type=\"widget\" data-widget_type=\"text-editor.default\">\n\t\t\t\t<div class=\"elementor-widget-container\">\n\t\t\t\t\t\t\t\t\t<p>B\u0113rnu pieteik\u0161ana uz\u0146em\u0161anai 1. klas\u0113s J\u016brmalas valstspils\u0113tas Pumpuru vidusskol\u0101 2026.\/2027. m\u0101c\u012bbu gad\u0101<u>&nbsp;no 16. marta l\u012bdz 30.apr\u012blim (ieskaitot) darba dien\u0101s no plkst. 9.00 l\u012bdz plkst. 16.00, <span style=\"color: #333399;\"><strong>dokumentu iesnieg\u0161ana Lielupes iel\u0101 21, J\u016brmal\u0101.<br><\/strong><\/span><\/u>Neskaidr\u012bbu gad\u012bjumos sazin\u0101ties pa t\u0101lru\u0146a numuru <strong>+371 67760865<\/strong>&nbsp;<\/p>\t\t\t\t\t\t\t\t<\/div>\n\t\t\t\t<\/div>\n\t\t\t\t\t<\/div>\n\t\t\t\t<\/div>\n\t\t<div class=\"elementor-element elementor-element-cddb2db e-flex e-con-boxed e-con e-parent\" data-id=\"cddb2db\" data-element_type=\"container\">\n\t\t\t\t\t<div class=\"e-con-inner\">\n\t\t\t\t<div class=\"elementor-element elementor-element-eae3d26 elementor-widget-divider--view-line_text elementor-widget-divider--element-align-center elementor-widget elementor-widget-divider\" data-id=\"eae3d26\" data-element_type=\"widget\" data-widget_type=\"divider.default\">\n\t\t\t\t<div class=\"elementor-widget-container\">\n\t\t\t\t\t\t\t<div class=\"elementor-divider\">\n\t\t\t<span class=\"elementor-divider-separator\">\n\t\t\t\t\t\t\t<span class=\"elementor-divider__text elementor-divider__element\">\n\t\t\t\tUZ\u0145EM\u0160ANA\t\t\t\t<\/span>\n\t\t\t\t\t\t<\/span>\n\t\t<\/div>\n\t\t\t\t\t\t<\/div>\n\t\t\t\t<\/div>\n\t\t\t\t\t<\/div>\n\t\t\t\t<\/div>\n\t\t<div class=\"elementor-element elementor-element-61c9a8a e-flex e-con-boxed e-con e-parent\" data-id=\"61c9a8a\" data-element_type=\"container\">\n\t\t\t\t\t<div class=\"e-con-inner\">\n\t\t<div class=\"elementor-element elementor-element-f2a86c8 e-con-full e-flex e-con e-child\" data-id=\"f2a86c8\" data-element_type=\"container\">\n\t\t\t\t<div class=\"elementor-element elementor-element-1d44a62 elementor-widget elementor-widget-text-editor\" data-id=\"1d44a62\" data-element_type=\"widget\" data-widget_type=\"text-editor.default\">\n\t\t\t\t<div class=\"elementor-widget-container\">\n\t\t\t\t\t\t\t\t\t<p>Par b\u0113rnu pieteik\u0161anos uz\u0146em\u0161anai 1. klas\u0113<\/p>\t\t\t\t\t\t\t\t<\/div>\n\t\t\t\t<\/div>\n\t\t\t\t<\/div>\n\t\t<div class=\"elementor-element elementor-element-ee0372f e-con-full e-flex e-con e-child\" data-id=\"ee0372f\" data-element_type=\"container\">\n\t\t\t\t<div class=\"elementor-element elementor-element-3a5ea98 elementor-widget elementor-widget-button\" data-id=\"3a5ea98\" data-element_type=\"widget\" data-widget_type=\"button.default\">\n\t\t\t\t<div class=\"elementor-widget-container\">\n\t\t\t\t\t\t\t\t\t<div class=\"elementor-button-wrapper\">\n\t\t\t\t\t<a class=\"elementor-button elementor-button-link elementor-size-sm\" href=\"https:\/\/pumpuruvsk.jurmala.lv\/wp-content\/uploads\/2026\/02\/1.klasu-pieteiksana_2026-2027.m.g.pdf\">\n\t\t\t\t\t\t<span class=\"elementor-button-content-wrapper\">\n\t\t\t\t\t\t\t\t\t<span class=\"elementor-button-text\">SPIED \u0160EIT<\/span>\n\t\t\t\t\t<\/span>\n\t\t\t\t\t<\/a>\n\t\t\t\t<\/div>\n\t\t\t\t\t\t\t\t<\/div>\n\t\t\t\t<\/div>\n\t\t\t\t<\/div>\n\t\t\t\t\t<\/div>\n\t\t\t\t<\/div>\n\t\t<div class=\"elementor-element elementor-element-2d00074 e-flex e-con-boxed e-con e-parent\" data-id=\"2d00074\" data-element_type=\"container\">\n\t\t\t\t\t<div class=\"e-con-inner\">\n\t\t<div class=\"elementor-element elementor-element-489079a e-con-full e-flex e-con e-child\" data-id=\"489079a\" data-element_type=\"container\">\n\t\t\t\t<div class=\"elementor-element elementor-element-1bc1f05 elementor-widget elementor-widget-text-editor\" data-id=\"1bc1f05\" data-element_type=\"widget\" data-widget_type=\"text-editor.default\">\n\t\t\t\t<div class=\"elementor-widget-container\">\n\t\t\t\t\t\t\t\t\t<p>Iesniegums par uz\u0146em\u0161anu 1.\u00a0klas\u0113 pieejams<\/p>\t\t\t\t\t\t\t\t<\/div>\n\t\t\t\t<\/div>\n\t\t\t\t<\/div>\n\t\t<div class=\"elementor-element elementor-element-17dfa2e e-con-full e-flex e-con e-child\" data-id=\"17dfa2e\" data-element_type=\"container\">\n\t\t\t\t<div class=\"elementor-element elementor-element-eec9103 elementor-align-left elementor-widget elementor-widget-button\" data-id=\"eec9103\" data-element_type=\"widget\" data-widget_type=\"button.default\">\n\t\t\t\t<div class=\"elementor-widget-container\">\n\t\t\t\t\t\t\t\t\t<div class=\"elementor-button-wrapper\">\n\t\t\t\t\t<a class=\"elementor-button elementor-button-link elementor-size-sm\" href=\"https:\/\/pumpuruvsk.jurmala.lv\/wp-content\/uploads\/2026\/02\/1.klase_iesniegums_2026.-2027.doc\">\n\t\t\t\t\t\t<span class=\"elementor-button-content-wrapper\">\n\t\t\t\t\t\t\t\t\t<span class=\"elementor-button-text\">SPIED \u0160EIT<\/span>\n\t\t\t\t\t<\/span>\n\t\t\t\t\t<\/a>\n\t\t\t\t<\/div>\n\t\t\t\t\t\t\t\t<\/div>\n\t\t\t\t<\/div>\n\t\t\t\t<\/div>\n\t\t\t\t\t<\/div>\n\t\t\t\t<\/div>\n\t\t<div class=\"elementor-element elementor-element-bb84b3b e-flex e-con-boxed e-con e-parent\" data-id=\"bb84b3b\" data-element_type=\"container\">\n\t\t\t\t\t<div class=\"e-con-inner\">\n\t\t<div class=\"elementor-element elementor-element-dd7996c e-con-full e-flex e-con e-child\" data-id=\"dd7996c\" data-element_type=\"container\">\n\t\t\t\t<div class=\"elementor-element elementor-element-e3407af elementor-widget elementor-widget-text-editor\" data-id=\"e3407af\" data-element_type=\"widget\" data-widget_type=\"text-editor.default\">\n\t\t\t\t<div class=\"elementor-widget-container\">\n\t\t\t\t\t\t\t\t\t<p>K\u0101 pieteikt b\u0113rnu uz\u0146em\u0161anai 1. klas\u0113?<\/p>\t\t\t\t\t\t\t\t<\/div>\n\t\t\t\t<\/div>\n\t\t\t\t<\/div>\n\t\t<div class=\"elementor-element elementor-element-e9b7ed1 e-con-full e-flex e-con e-child\" data-id=\"e9b7ed1\" data-element_type=\"container\">\n\t\t\t\t<div class=\"elementor-element elementor-element-0c7affc elementor-widget elementor-widget-button\" data-id=\"0c7affc\" data-element_type=\"widget\" data-widget_type=\"button.default\">\n\t\t\t\t<div class=\"elementor-widget-container\">\n\t\t\t\t\t\t\t\t\t<div class=\"elementor-button-wrapper\">\n\t\t\t\t\t<a class=\"elementor-button elementor-button-link elementor-size-sm\" href=\"https:\/\/www.jurmala.lv\/lv\/jaunums\/16-marta-saksies-bernu-registresana-1-klasei?fbclid=IwY2xjawQC54dleHRuA2FlbQIxMABicmlkETBUM29yY2wwTWZtN0ZmdnA0c3J0YwZhcHBfaWQQMjIyMDM5MTc4ODIwMDg5MgABHmzOSqpOoGt-dE4Z6XQ47OVNktlW2PA5xoUrROqxe1Fvs7al3wuuw8f5NBOU_aem_RCu2ao-y-tioB7P3QYl0Kw\">\n\t\t\t\t\t\t<span class=\"elementor-button-content-wrapper\">\n\t\t\t\t\t\t\t\t\t<span class=\"elementor-button-text\">Inform\u0101cija J\u016brmalas domes m\u0101jas lap\u0101 (spied \u0161eit)<\/span>\n\t\t\t\t\t<\/span>\n\t\t\t\t\t<\/a>\n\t\t\t\t<\/div>\n\t\t\t\t\t\t\t\t<\/div>\n\t\t\t\t<\/div>\n\t\t\t\t<\/div>\n\t\t\t\t\t<\/div>\n\t\t\t\t<\/div>\n\t\t\t\t<\/div>\n\t\t","protected":false},"excerpt":{"rendered":"<p>B\u0113rnu pieteik\u0161ana uz\u0146em\u0161anai 1. klas\u0113s J\u016brmalas valstspils\u0113tas Pumpuru vidusskol\u0101 2026.\/2027. m\u0101c\u012bbu gad\u0101&nbsp;no 16. marta l\u012bdz 30.apr\u012blim (ieskaitot) darba dien\u0101s no plkst. 9.00 l\u012bdz plkst. 16.00, dokumentu iesnieg\u0161ana Lielupes iel\u0101 21, J\u016brmal\u0101.Neskaidr\u012bbu gad\u012bjumos sazin\u0101ties pa t\u0101lru\u0146a numuru +371 67760865&nbsp; UZ\u0145EM\u0160ANA Par b\u0113rnu pieteik\u0161anos uz\u0146em\u0161anai 1. klas\u0113 SPIED \u0160EIT Iesniegums par uz\u0146em\u0161anu 1.\u00a0klas\u0113 pieejams SPIED \u0160EIT K\u0101&#8230;<\/p>\n","protected":false},"author":1,"featured_media":6752,"parent":0,"menu_order":0,"comment_status":"closed","ping_status":"closed","template":"","meta":{"footnotes":""},"class_list":["post-1174","page","type-page","status-publish","has-post-thumbnail","hentry"],"yoast_head":"<!-- This site is optimized with the Yoast SEO plugin v23.1 - https:\/\/yoast.com\/wordpress\/plugins\/seo\/ -->\n<title>1. KLASE - J\u016aRMALAS VALSTSPILS\u0112TAS PUMPURU VIDUSSKOLA<\/title>\n<meta name=\"robots\" content=\"index, follow, max-snippet:-1, max-image-preview:large, max-video-preview:-1\" \/>\n<link rel=\"canonical\" href=\"https:\/\/pumpuruvsk.jurmala.lv\/?page_id=1174\" \/>\n<meta property=\"og:locale\" content=\"lv_LV\" \/>\n<meta property=\"og:type\" content=\"article\" \/>\n<meta property=\"og:title\" content=\"1. KLASE - J\u016aRMALAS VALSTSPILS\u0112TAS PUMPURU VIDUSSKOLA\" \/>\n<meta property=\"og:description\" content=\"B\u0113rnu pieteik\u0161ana uz\u0146em\u0161anai 1. klas\u0113s J\u016brmalas valstspils\u0113tas Pumpuru vidusskol\u0101 2026.\/2027. m\u0101c\u012bbu gad\u0101&nbsp;no 16. marta l\u012bdz 30.apr\u012blim (ieskaitot) darba dien\u0101s no plkst. 9.00 l\u012bdz plkst. 16.00, dokumentu iesnieg\u0161ana Lielupes iel\u0101 21, J\u016brmal\u0101.Neskaidr\u012bbu gad\u012bjumos sazin\u0101ties pa t\u0101lru\u0146a numuru +371 67760865&nbsp; UZ\u0145EM\u0160ANA Par b\u0113rnu pieteik\u0161anos uz\u0146em\u0161anai 1. klas\u0113 SPIED \u0160EIT Iesniegums par uz\u0146em\u0161anu 1.\u00a0klas\u0113 pieejams SPIED \u0160EIT K\u0101...\" \/>\n<meta property=\"og:url\" content=\"https:\/\/pumpuruvsk.jurmala.lv\/?page_id=1174\" \/>\n<meta property=\"og:site_name\" content=\"J\u016aRMALAS VALSTSPILS\u0112TAS PUMPURU VIDUSSKOLA\" \/>\n<meta property=\"article:publisher\" content=\"https:\/\/www.facebook.com\/people\/Jrmalas-valstspilstas-Pumpuru-vidusskola\/61565829730579\/\" \/>\n<meta property=\"article:modified_time\" content=\"2026-02-18T18:48:20+00:00\" \/>\n<meta property=\"og:image\" content=\"https:\/\/pumpuruvsk.jurmala.lv\/wp-content\/uploads\/2026\/02\/uznemsana.png\" \/>\n\t<meta property=\"og:image:width\" content=\"1394\" \/>\n\t<meta property=\"og:image:height\" content=\"773\" \/>\n\t<meta property=\"og:image:type\" content=\"image\/png\" \/>\n<meta name=\"twitter:card\" content=\"summary_large_image\" \/>\n<meta name=\"twitter:label1\" content=\"Est. reading time\" \/>\n\t<meta name=\"twitter:data1\" content=\"1 min\u016bte\" \/>\n<script type=\"application\/ld+json\" class=\"yoast-schema-graph\">{\"@context\":\"https:\/\/schema.org\",\"@graph\":[{\"@type\":\"WebPage\",\"@id\":\"https:\/\/pumpuruvsk.jurmala.lv\/?page_id=1174\",\"url\":\"https:\/\/pumpuruvsk.jurmala.lv\/?page_id=1174\",\"name\":\"1. KLASE - J\u016aRMALAS VALSTSPILS\u0112TAS PUMPURU VIDUSSKOLA\",\"isPartOf\":{\"@id\":\"https:\/\/pumpuruvsk.jurmala.lv\/#website\"},\"primaryImageOfPage\":{\"@id\":\"https:\/\/pumpuruvsk.jurmala.lv\/?page_id=1174#primaryimage\"},\"image\":{\"@id\":\"https:\/\/pumpuruvsk.jurmala.lv\/?page_id=1174#primaryimage\"},\"thumbnailUrl\":\"https:\/\/pumpuruvsk.jurmala.lv\/wp-content\/uploads\/2026\/02\/uznemsana.png\",\"datePublished\":\"2024-07-28T15:58:38+00:00\",\"dateModified\":\"2026-02-18T18:48:20+00:00\",\"breadcrumb\":{\"@id\":\"https:\/\/pumpuruvsk.jurmala.lv\/?page_id=1174#breadcrumb\"},\"inLanguage\":\"lv-LV\",\"potentialAction\":[{\"@type\":\"ReadAction\",\"target\":[\"https:\/\/pumpuruvsk.jurmala.lv\/?page_id=1174\"]}]},{\"@type\":\"ImageObject\",\"inLanguage\":\"lv-LV\",\"@id\":\"https:\/\/pumpuruvsk.jurmala.lv\/?page_id=1174#primaryimage\",\"url\":\"https:\/\/pumpuruvsk.jurmala.lv\/wp-content\/uploads\/2026\/02\/uznemsana.png\",\"contentUrl\":\"https:\/\/pumpuruvsk.jurmala.lv\/wp-content\/uploads\/2026\/02\/uznemsana.png\",\"width\":1394,\"height\":773,\"caption\":\"Uz\u0146em\u0161ana 1.klas\u0113\"},{\"@type\":\"BreadcrumbList\",\"@id\":\"https:\/\/pumpuruvsk.jurmala.lv\/?page_id=1174#breadcrumb\",\"itemListElement\":[{\"@type\":\"ListItem\",\"position\":1,\"name\":\"Home\",\"item\":\"https:\/\/pumpuruvsk.jurmala.lv\/\"},{\"@type\":\"ListItem\",\"position\":2,\"name\":\"1. KLASE\"}]},{\"@type\":\"WebSite\",\"@id\":\"https:\/\/pumpuruvsk.jurmala.lv\/#website\",\"url\":\"https:\/\/pumpuruvsk.jurmala.lv\/\",\"name\":\"J\u016aRMALAS VALSTSPILS\u0112TAS PUMPURU VIDUSSKOLA.\",\"description\":\"SKOLA IZAUGSMEI\",\"publisher\":{\"@id\":\"https:\/\/pumpuruvsk.jurmala.lv\/#organization\"},\"potentialAction\":[{\"@type\":\"SearchAction\",\"target\":{\"@type\":\"EntryPoint\",\"urlTemplate\":\"https:\/\/pumpuruvsk.jurmala.lv\/?s={search_term_string}\"},\"query-input\":\"required name=search_term_string\"}],\"inLanguage\":\"lv-LV\"},{\"@type\":\"Organization\",\"@id\":\"https:\/\/pumpuruvsk.jurmala.lv\/#organization\",\"name\":\"J\u016aRMALAS VALSTSPILS\u0112TAS PUMPURU VIDUSSKOLA\",\"url\":\"https:\/\/pumpuruvsk.jurmala.lv\/\",\"logo\":{\"@type\":\"ImageObject\",\"inLanguage\":\"lv-LV\",\"@id\":\"https:\/\/pumpuruvsk.jurmala.lv\/#\/schema\/logo\/image\/\",\"url\":\"https:\/\/pumpuruvsk.jurmala.lv\/wp-content\/uploads\/2024\/02\/cropped-cropped-JPV-mazais-1-2.png\",\"contentUrl\":\"https:\/\/pumpuruvsk.jurmala.lv\/wp-content\/uploads\/2024\/02\/cropped-cropped-JPV-mazais-1-2.png\",\"width\":4500,\"height\":4500,\"caption\":\"J\u016aRMALAS VALSTSPILS\u0112TAS PUMPURU VIDUSSKOLA\"},\"image\":{\"@id\":\"https:\/\/pumpuruvsk.jurmala.lv\/#\/schema\/logo\/image\/\"},\"sameAs\":[\"https:\/\/www.facebook.com\/people\/Jrmalas-valstspilstas-Pumpuru-vidusskola\/61565829730579\/\"]}]}<\/script>\n<!-- \/ Yoast SEO plugin. -->","yoast_head_json":{"title":"1. KLASE - J\u016aRMALAS VALSTSPILS\u0112TAS PUMPURU VIDUSSKOLA","robots":{"index":"index","follow":"follow","max-snippet":"max-snippet:-1","max-image-preview":"max-image-preview:large","max-video-preview":"max-video-preview:-1"},"canonical":"https:\/\/pumpuruvsk.jurmala.lv\/?page_id=1174","og_locale":"lv_LV","og_type":"article","og_title":"1. KLASE - J\u016aRMALAS VALSTSPILS\u0112TAS PUMPURU VIDUSSKOLA","og_description":"B\u0113rnu pieteik\u0161ana uz\u0146em\u0161anai 1. klas\u0113s J\u016brmalas valstspils\u0113tas Pumpuru vidusskol\u0101 2026.\/2027. m\u0101c\u012bbu gad\u0101&nbsp;no 16. marta l\u012bdz 30.apr\u012blim (ieskaitot) darba dien\u0101s no plkst. 9.00 l\u012bdz plkst. 16.00, dokumentu iesnieg\u0161ana Lielupes iel\u0101 21, J\u016brmal\u0101.Neskaidr\u012bbu gad\u012bjumos sazin\u0101ties pa t\u0101lru\u0146a numuru +371 67760865&nbsp; UZ\u0145EM\u0160ANA Par b\u0113rnu pieteik\u0161anos uz\u0146em\u0161anai 1. klas\u0113 SPIED \u0160EIT Iesniegums par uz\u0146em\u0161anu 1.\u00a0klas\u0113 pieejams SPIED \u0160EIT K\u0101...","og_url":"https:\/\/pumpuruvsk.jurmala.lv\/?page_id=1174","og_site_name":"J\u016aRMALAS VALSTSPILS\u0112TAS PUMPURU VIDUSSKOLA","article_publisher":"https:\/\/www.facebook.com\/people\/Jrmalas-valstspilstas-Pumpuru-vidusskola\/61565829730579\/","article_modified_time":"2026-02-18T18:48:20+00:00","og_image":[{"width":1394,"height":773,"url":"https:\/\/pumpuruvsk.jurmala.lv\/wp-content\/uploads\/2026\/02\/uznemsana.png","type":"image\/png"}],"twitter_card":"summary_large_image","twitter_misc":{"Est. reading time":"1 min\u016bte"},"schema":{"@context":"https:\/\/schema.org","@graph":[{"@type":"WebPage","@id":"https:\/\/pumpuruvsk.jurmala.lv\/?page_id=1174","url":"https:\/\/pumpuruvsk.jurmala.lv\/?page_id=1174","name":"1. KLASE - J\u016aRMALAS VALSTSPILS\u0112TAS PUMPURU VIDUSSKOLA","isPartOf":{"@id":"https:\/\/pumpuruvsk.jurmala.lv\/#website"},"primaryImageOfPage":{"@id":"https:\/\/pumpuruvsk.jurmala.lv\/?page_id=1174#primaryimage"},"image":{"@id":"https:\/\/pumpuruvsk.jurmala.lv\/?page_id=1174#primaryimage"},"thumbnailUrl":"https:\/\/pumpuruvsk.jurmala.lv\/wp-content\/uploads\/2026\/02\/uznemsana.png","datePublished":"2024-07-28T15:58:38+00:00","dateModified":"2026-02-18T18:48:20+00:00","breadcrumb":{"@id":"https:\/\/pumpuruvsk.jurmala.lv\/?page_id=1174#breadcrumb"},"inLanguage":"lv-LV","potentialAction":[{"@type":"ReadAction","target":["https:\/\/pumpuruvsk.jurmala.lv\/?page_id=1174"]}]},{"@type":"ImageObject","inLanguage":"lv-LV","@id":"https:\/\/pumpuruvsk.jurmala.lv\/?page_id=1174#primaryimage","url":"https:\/\/pumpuruvsk.jurmala.lv\/wp-content\/uploads\/2026\/02\/uznemsana.png","contentUrl":"https:\/\/pumpuruvsk.jurmala.lv\/wp-content\/uploads\/2026\/02\/uznemsana.png","width":1394,"height":773,"caption":"Uz\u0146em\u0161ana 1.klas\u0113"},{"@type":"BreadcrumbList","@id":"https:\/\/pumpuruvsk.jurmala.lv\/?page_id=1174#breadcrumb","itemListElement":[{"@type":"ListItem","position":1,"name":"Home","item":"https:\/\/pumpuruvsk.jurmala.lv\/"},{"@type":"ListItem","position":2,"name":"1. KLASE"}]},{"@type":"WebSite","@id":"https:\/\/pumpuruvsk.jurmala.lv\/#website","url":"https:\/\/pumpuruvsk.jurmala.lv\/","name":"J\u016aRMALAS VALSTSPILS\u0112TAS PUMPURU VIDUSSKOLA.","description":"SKOLA IZAUGSMEI","publisher":{"@id":"https:\/\/pumpuruvsk.jurmala.lv\/#organization"},"potentialAction":[{"@type":"SearchAction","target":{"@type":"EntryPoint","urlTemplate":"https:\/\/pumpuruvsk.jurmala.lv\/?s={search_term_string}"},"query-input":"required name=search_term_string"}],"inLanguage":"lv-LV"},{"@type":"Organization","@id":"https:\/\/pumpuruvsk.jurmala.lv\/#organization","name":"J\u016aRMALAS VALSTSPILS\u0112TAS PUMPURU VIDUSSKOLA","url":"https:\/\/pumpuruvsk.jurmala.lv\/","logo":{"@type":"ImageObject","inLanguage":"lv-LV","@id":"https:\/\/pumpuruvsk.jurmala.lv\/#\/schema\/logo\/image\/","url":"https:\/\/pumpuruvsk.jurmala.lv\/wp-content\/uploads\/2024\/02\/cropped-cropped-JPV-mazais-1-2.png","contentUrl":"https:\/\/pumpuruvsk.jurmala.lv\/wp-content\/uploads\/2024\/02\/cropped-cropped-JPV-mazais-1-2.png","width":4500,"height":4500,"caption":"J\u016aRMALAS VALSTSPILS\u0112TAS PUMPURU VIDUSSKOLA"},"image":{"@id":"https:\/\/pumpuruvsk.jurmala.lv\/#\/schema\/logo\/image\/"},"sameAs":["https:\/\/www.facebook.com\/people\/Jrmalas-valstspilstas-Pumpuru-vidusskola\/61565829730579\/"]}]}},"_links":{"self":[{"href":"https:\/\/pumpuruvsk.jurmala.lv\/index.php?rest_route=\/wp\/v2\/pages\/1174","targetHints":{"allow":["GET"]}}],"collection":[{"href":"https:\/\/pumpuruvsk.jurmala.lv\/index.php?rest_route=\/wp\/v2\/pages"}],"about":[{"href":"https:\/\/pumpuruvsk.jurmala.lv\/index.php?rest_route=\/wp\/v2\/types\/page"}],"author":[{"embeddable":true,"href":"https:\/\/pumpuruvsk.jurmala.lv\/index.php?rest_route=\/wp\/v2\/users\/1"}],"replies":[{"embeddable":true,"href":"https:\/\/pumpuruvsk.jurmala.lv\/index.php?rest_route=%2Fwp%2Fv2%2Fcomments&post=1174"}],"version-history":[{"count":87,"href":"https:\/\/pumpuruvsk.jurmala.lv\/index.php?rest_route=\/wp\/v2\/pages\/1174\/revisions"}],"predecessor-version":[{"id":6783,"href":"https:\/\/pumpuruvsk.jurmala.lv\/index.php?rest_route=\/wp\/v2\/pages\/1174\/revisions\/6783"}],"wp:featuredmedia":[{"embeddable":true,"href":"https:\/\/pumpuruvsk.jurmala.lv\/index.php?rest_route=\/wp\/v2\/media\/6752"}],"wp:attachment":[{"href":"https:\/\/pumpuruvsk.jurmala.lv\/index.php?rest_route=%2Fwp%2Fv2%2Fmedia&parent=1174"}],"curies":[{"name":"wp","href":"https:\/\/api.w.org\/{rel}","templated":true}]}}