{"id":2058,"date":"2024-08-18T19:01:34","date_gmt":"2024-08-18T17:01:34","guid":{"rendered":"https:\/\/pumpuruvsk.jurmala.lv\/wordpress\/?page_id=2058"},"modified":"2024-08-26T19:34:15","modified_gmt":"2024-08-26T17:34:15","slug":"programma-latvijas-skolas-soma","status":"publish","type":"page","link":"https:\/\/pumpuruvsk.jurmala.lv\/?page_id=2058","title":{"rendered":"PROGRAMMA &#8220;LATVIJAS SKOLAS SOMA&#8221;"},"content":{"rendered":"\t\t<div data-elementor-type=\"wp-page\" data-elementor-id=\"2058\" class=\"elementor elementor-2058\">\n\t\t\t\t<div class=\"elementor-element elementor-element-dfd007c e-flex e-con-boxed e-con e-parent\" data-id=\"dfd007c\" data-element_type=\"container\">\n\t\t\t\t\t<div class=\"e-con-inner\">\n\t\t\t\t<div class=\"elementor-element elementor-element-aef9bba elementor-widget-divider--view-line_text elementor-widget-divider--element-align-center elementor-widget elementor-widget-divider\" data-id=\"aef9bba\" data-element_type=\"widget\" data-widget_type=\"divider.default\">\n\t\t\t\t<div class=\"elementor-widget-container\">\n\t\t\t\t\t\t\t<div class=\"elementor-divider\">\n\t\t\t<span class=\"elementor-divider-separator\">\n\t\t\t\t\t\t\t<span class=\"elementor-divider__text elementor-divider__element\">\n\t\t\t\tPAR PROGRAMMU\t\t\t\t<\/span>\n\t\t\t\t\t\t<\/span>\n\t\t<\/div>\n\t\t\t\t\t\t<\/div>\n\t\t\t\t<\/div>\n\t\t\t\t\t<\/div>\n\t\t\t\t<\/div>\n\t\t<div class=\"elementor-element elementor-element-325dac4 e-flex e-con-boxed e-con e-parent\" data-id=\"325dac4\" data-element_type=\"container\">\n\t\t\t\t\t<div class=\"e-con-inner\">\n\t\t\t\t<div class=\"elementor-element elementor-element-df49db5 elementor-widget elementor-widget-text-editor\" data-id=\"df49db5\" data-element_type=\"widget\" data-widget_type=\"text-editor.default\">\n\t\t\t\t<div class=\"elementor-widget-container\">\n\t\t\t\t\t\t\t\t\t<p>Kult\u016brizgl\u012bt\u012bbas programma \u201cLatvijas skolas soma\u201d nodro\u0161ina skol\u0113niem valsts apmaks\u0101tu iesp\u0113ju regul\u0101ri iepaz\u012bt Latvijas kult\u016bras v\u0113rt\u012bbas un laikmet\u012bg\u0101s izpausmes, t\u0101 att\u012bstot kult\u016bras izpratnes un izpausmes kompetenci, mazinot soci\u0101lo nevienl\u012bdz\u012bbu un sp\u0113cinot lepnumu par savu valsti un t\u0101s cilv\u0113kiem. T\u0101 ir kompleksa, starpdisciplin\u0101ra kult\u016brizgl\u012bt\u012bbas programma, kas katru m\u0101c\u012bbu semestri aptver vair\u0101k nek\u0101 230 000 Latvijas b\u0113rnu un jaunie\u0161u, sniedzot vi\u0146iem iesp\u0113ju sastapt kult\u016bru. Programma uzs\u0101ka darb\u012bbu ar 2018.\/2019. m\u0101c\u012bbu gadu Latvijas valsts simtgades programmas ietvaros un kop\u0161 2022. gada tiek administr\u0113ta Latvijas Nacion\u0101laj\u0101 kult\u016bras centr\u0101.<\/p>\n<p>Programma r\u016bp\u0113jas, lai visiem skol\u0113niem, kas kl\u0101tien\u0113 apg\u016bst pamata un vid\u0113j\u0101s visp\u0101r\u0113j\u0101s un profesion\u0101l\u0101s izgl\u012bt\u012bbas programmas, regul\u0101ri pieejamas kvalitat\u012bvas, profesion\u0101li veidotas kult\u016bras norises, kas atkl\u0101j Latvijas kult\u016bras v\u0113rt\u012bbas un laikmet\u012bg\u0101s izpausmes. Izmantojot kult\u016bras norises k\u0101 resursu, m\u0101c\u012b\u0161an\u0101s k\u013c\u016bst j\u0113gpiln\u0101ka un personisk\u0101ka. (Latvijasskolassoma.lv)<\/p>\t\t\t\t\t\t\t\t<\/div>\n\t\t\t\t<\/div>\n\t\t\t\t\t<\/div>\n\t\t\t\t<\/div>\n\t\t<div class=\"elementor-element elementor-element-ec1d8ff e-flex e-con-boxed e-con e-parent\" data-id=\"ec1d8ff\" data-element_type=\"container\">\n\t\t\t\t\t<div class=\"e-con-inner\">\n\t\t<div class=\"elementor-element elementor-element-15faf8d e-con-full e-flex e-con e-child\" data-id=\"15faf8d\" data-element_type=\"container\">\n\t\t\t\t<\/div>\n\t\t<div class=\"elementor-element elementor-element-d8fe944 e-con-full e-flex e-con e-child\" data-id=\"d8fe944\" data-element_type=\"container\">\n\t\t\t\t<div class=\"elementor-element elementor-element-094d990 elementor-widget elementor-widget-image\" data-id=\"094d990\" data-element_type=\"widget\" data-widget_type=\"image.default\">\n\t\t\t\t<div class=\"elementor-widget-container\">\n\t\t\t\t\t\t\t\t\t\t\t\t\t\t\t<img decoding=\"async\" width=\"337\" height=\"78\" src=\"https:\/\/pumpuruvsk.jurmala.lv\/wp-content\/uploads\/2024\/08\/soma2.png\" class=\"attachment-large size-large wp-image-2071\" alt=\"\" srcset=\"https:\/\/pumpuruvsk.jurmala.lv\/wp-content\/uploads\/2024\/08\/soma2.png 337w, https:\/\/pumpuruvsk.jurmala.lv\/wp-content\/uploads\/2024\/08\/soma2-300x69.png 300w\" sizes=\"(max-width: 337px) 100vw, 337px\" \/>\t\t\t\t\t\t\t\t\t\t\t\t\t\t\t<\/div>\n\t\t\t\t<\/div>\n\t\t\t\t<\/div>\n\t\t<div class=\"elementor-element elementor-element-90a0f0b e-con-full e-flex e-con e-child\" data-id=\"90a0f0b\" data-element_type=\"container\">\n\t\t\t\t<\/div>\n\t\t\t\t\t<\/div>\n\t\t\t\t<\/div>\n\t\t\t\t<\/div>\n\t\t","protected":false},"excerpt":{"rendered":"<p>PAR PROGRAMMU Kult\u016brizgl\u012bt\u012bbas programma \u201cLatvijas skolas soma\u201d nodro\u0161ina skol\u0113niem valsts apmaks\u0101tu iesp\u0113ju regul\u0101ri iepaz\u012bt Latvijas kult\u016bras v\u0113rt\u012bbas un laikmet\u012bg\u0101s izpausmes, t\u0101 att\u012bstot kult\u016bras izpratnes un izpausmes kompetenci, mazinot soci\u0101lo nevienl\u012bdz\u012bbu un sp\u0113cinot lepnumu par savu valsti un t\u0101s cilv\u0113kiem. T\u0101 ir kompleksa, starpdisciplin\u0101ra kult\u016brizgl\u012bt\u012bbas programma, kas katru m\u0101c\u012bbu semestri aptver vair\u0101k nek\u0101 230 000 Latvijas&#8230;<\/p>\n","protected":false},"author":1,"featured_media":0,"parent":0,"menu_order":0,"comment_status":"closed","ping_status":"closed","template":"","meta":{"footnotes":""},"class_list":["post-2058","page","type-page","status-publish","hentry"],"yoast_head":"<!-- This site is optimized with the Yoast SEO plugin v23.1 - https:\/\/yoast.com\/wordpress\/plugins\/seo\/ -->\n<title>PROGRAMMA &quot;LATVIJAS SKOLAS SOMA&quot; - J\u016aRMALAS VALSTSPILS\u0112TAS PUMPURU VIDUSSKOLA<\/title>\n<meta name=\"robots\" content=\"index, follow, max-snippet:-1, max-image-preview:large, max-video-preview:-1\" \/>\n<link rel=\"canonical\" href=\"https:\/\/pumpuruvsk.jurmala.lv\/?page_id=2058\" \/>\n<meta property=\"og:locale\" content=\"lv_LV\" \/>\n<meta property=\"og:type\" content=\"article\" \/>\n<meta property=\"og:title\" content=\"PROGRAMMA &quot;LATVIJAS SKOLAS SOMA&quot; - J\u016aRMALAS VALSTSPILS\u0112TAS PUMPURU VIDUSSKOLA\" \/>\n<meta property=\"og:description\" content=\"PAR PROGRAMMU Kult\u016brizgl\u012bt\u012bbas programma \u201cLatvijas skolas soma\u201d nodro\u0161ina skol\u0113niem valsts apmaks\u0101tu iesp\u0113ju regul\u0101ri iepaz\u012bt Latvijas kult\u016bras v\u0113rt\u012bbas un laikmet\u012bg\u0101s izpausmes, t\u0101 att\u012bstot kult\u016bras izpratnes un izpausmes kompetenci, mazinot soci\u0101lo nevienl\u012bdz\u012bbu un sp\u0113cinot lepnumu par savu valsti un t\u0101s cilv\u0113kiem. T\u0101 ir kompleksa, starpdisciplin\u0101ra kult\u016brizgl\u012bt\u012bbas programma, kas katru m\u0101c\u012bbu semestri aptver vair\u0101k nek\u0101 230 000 Latvijas...\" \/>\n<meta property=\"og:url\" content=\"https:\/\/pumpuruvsk.jurmala.lv\/?page_id=2058\" \/>\n<meta property=\"og:site_name\" content=\"J\u016aRMALAS VALSTSPILS\u0112TAS PUMPURU VIDUSSKOLA\" \/>\n<meta property=\"article:publisher\" content=\"https:\/\/www.facebook.com\/people\/Jrmalas-valstspilstas-Pumpuru-vidusskola\/61565829730579\/\" \/>\n<meta property=\"article:modified_time\" content=\"2024-08-26T17:34:15+00:00\" \/>\n<meta property=\"og:image\" content=\"https:\/\/pumpuruvsk.jurmala.lv\/wp-content\/uploads\/2024\/08\/soma2.png\" \/>\n<meta name=\"twitter:card\" content=\"summary_large_image\" \/>\n<meta name=\"twitter:label1\" content=\"Est. reading time\" \/>\n\t<meta name=\"twitter:data1\" content=\"1 min\u016bte\" \/>\n<script type=\"application\/ld+json\" class=\"yoast-schema-graph\">{\"@context\":\"https:\/\/schema.org\",\"@graph\":[{\"@type\":\"WebPage\",\"@id\":\"https:\/\/pumpuruvsk.jurmala.lv\/?page_id=2058\",\"url\":\"https:\/\/pumpuruvsk.jurmala.lv\/?page_id=2058\",\"name\":\"PROGRAMMA \\\"LATVIJAS SKOLAS SOMA\\\" - J\u016aRMALAS VALSTSPILS\u0112TAS PUMPURU VIDUSSKOLA\",\"isPartOf\":{\"@id\":\"https:\/\/pumpuruvsk.jurmala.lv\/#website\"},\"primaryImageOfPage\":{\"@id\":\"https:\/\/pumpuruvsk.jurmala.lv\/?page_id=2058#primaryimage\"},\"image\":{\"@id\":\"https:\/\/pumpuruvsk.jurmala.lv\/?page_id=2058#primaryimage\"},\"thumbnailUrl\":\"https:\/\/pumpuruvsk.jurmala.lv\/wp-content\/uploads\/2024\/08\/soma2.png\",\"datePublished\":\"2024-08-18T17:01:34+00:00\",\"dateModified\":\"2024-08-26T17:34:15+00:00\",\"breadcrumb\":{\"@id\":\"https:\/\/pumpuruvsk.jurmala.lv\/?page_id=2058#breadcrumb\"},\"inLanguage\":\"lv-LV\",\"potentialAction\":[{\"@type\":\"ReadAction\",\"target\":[\"https:\/\/pumpuruvsk.jurmala.lv\/?page_id=2058\"]}]},{\"@type\":\"ImageObject\",\"inLanguage\":\"lv-LV\",\"@id\":\"https:\/\/pumpuruvsk.jurmala.lv\/?page_id=2058#primaryimage\",\"url\":\"https:\/\/pumpuruvsk.jurmala.lv\/wp-content\/uploads\/2024\/08\/soma2.png\",\"contentUrl\":\"https:\/\/pumpuruvsk.jurmala.lv\/wp-content\/uploads\/2024\/08\/soma2.png\",\"width\":337,\"height\":78},{\"@type\":\"BreadcrumbList\",\"@id\":\"https:\/\/pumpuruvsk.jurmala.lv\/?page_id=2058#breadcrumb\",\"itemListElement\":[{\"@type\":\"ListItem\",\"position\":1,\"name\":\"Home\",\"item\":\"https:\/\/pumpuruvsk.jurmala.lv\/\"},{\"@type\":\"ListItem\",\"position\":2,\"name\":\"PROGRAMMA &#8220;LATVIJAS SKOLAS SOMA&#8221;\"}]},{\"@type\":\"WebSite\",\"@id\":\"https:\/\/pumpuruvsk.jurmala.lv\/#website\",\"url\":\"https:\/\/pumpuruvsk.jurmala.lv\/\",\"name\":\"J\u016aRMALAS VALSTSPILS\u0112TAS PUMPURU VIDUSSKOLA.\",\"description\":\"SKOLA IZAUGSMEI\",\"publisher\":{\"@id\":\"https:\/\/pumpuruvsk.jurmala.lv\/#organization\"},\"potentialAction\":[{\"@type\":\"SearchAction\",\"target\":{\"@type\":\"EntryPoint\",\"urlTemplate\":\"https:\/\/pumpuruvsk.jurmala.lv\/?s={search_term_string}\"},\"query-input\":\"required name=search_term_string\"}],\"inLanguage\":\"lv-LV\"},{\"@type\":\"Organization\",\"@id\":\"https:\/\/pumpuruvsk.jurmala.lv\/#organization\",\"name\":\"J\u016aRMALAS VALSTSPILS\u0112TAS PUMPURU VIDUSSKOLA\",\"url\":\"https:\/\/pumpuruvsk.jurmala.lv\/\",\"logo\":{\"@type\":\"ImageObject\",\"inLanguage\":\"lv-LV\",\"@id\":\"https:\/\/pumpuruvsk.jurmala.lv\/#\/schema\/logo\/image\/\",\"url\":\"https:\/\/pumpuruvsk.jurmala.lv\/wp-content\/uploads\/2024\/02\/cropped-cropped-JPV-mazais-1-2.png\",\"contentUrl\":\"https:\/\/pumpuruvsk.jurmala.lv\/wp-content\/uploads\/2024\/02\/cropped-cropped-JPV-mazais-1-2.png\",\"width\":4500,\"height\":4500,\"caption\":\"J\u016aRMALAS VALSTSPILS\u0112TAS PUMPURU VIDUSSKOLA\"},\"image\":{\"@id\":\"https:\/\/pumpuruvsk.jurmala.lv\/#\/schema\/logo\/image\/\"},\"sameAs\":[\"https:\/\/www.facebook.com\/people\/Jrmalas-valstspilstas-Pumpuru-vidusskola\/61565829730579\/\"]}]}<\/script>\n<!-- \/ Yoast SEO plugin. -->","yoast_head_json":{"title":"PROGRAMMA \"LATVIJAS SKOLAS SOMA\" - J\u016aRMALAS VALSTSPILS\u0112TAS PUMPURU VIDUSSKOLA","robots":{"index":"index","follow":"follow","max-snippet":"max-snippet:-1","max-image-preview":"max-image-preview:large","max-video-preview":"max-video-preview:-1"},"canonical":"https:\/\/pumpuruvsk.jurmala.lv\/?page_id=2058","og_locale":"lv_LV","og_type":"article","og_title":"PROGRAMMA \"LATVIJAS SKOLAS SOMA\" - J\u016aRMALAS VALSTSPILS\u0112TAS PUMPURU VIDUSSKOLA","og_description":"PAR PROGRAMMU Kult\u016brizgl\u012bt\u012bbas programma \u201cLatvijas skolas soma\u201d nodro\u0161ina skol\u0113niem valsts apmaks\u0101tu iesp\u0113ju regul\u0101ri iepaz\u012bt Latvijas kult\u016bras v\u0113rt\u012bbas un laikmet\u012bg\u0101s izpausmes, t\u0101 att\u012bstot kult\u016bras izpratnes un izpausmes kompetenci, mazinot soci\u0101lo nevienl\u012bdz\u012bbu un sp\u0113cinot lepnumu par savu valsti un t\u0101s cilv\u0113kiem. T\u0101 ir kompleksa, starpdisciplin\u0101ra kult\u016brizgl\u012bt\u012bbas programma, kas katru m\u0101c\u012bbu semestri aptver vair\u0101k nek\u0101 230 000 Latvijas...","og_url":"https:\/\/pumpuruvsk.jurmala.lv\/?page_id=2058","og_site_name":"J\u016aRMALAS VALSTSPILS\u0112TAS PUMPURU VIDUSSKOLA","article_publisher":"https:\/\/www.facebook.com\/people\/Jrmalas-valstspilstas-Pumpuru-vidusskola\/61565829730579\/","article_modified_time":"2024-08-26T17:34:15+00:00","og_image":[{"url":"https:\/\/pumpuruvsk.jurmala.lv\/wp-content\/uploads\/2024\/08\/soma2.png"}],"twitter_card":"summary_large_image","twitter_misc":{"Est. reading time":"1 min\u016bte"},"schema":{"@context":"https:\/\/schema.org","@graph":[{"@type":"WebPage","@id":"https:\/\/pumpuruvsk.jurmala.lv\/?page_id=2058","url":"https:\/\/pumpuruvsk.jurmala.lv\/?page_id=2058","name":"PROGRAMMA \"LATVIJAS SKOLAS SOMA\" - J\u016aRMALAS VALSTSPILS\u0112TAS PUMPURU VIDUSSKOLA","isPartOf":{"@id":"https:\/\/pumpuruvsk.jurmala.lv\/#website"},"primaryImageOfPage":{"@id":"https:\/\/pumpuruvsk.jurmala.lv\/?page_id=2058#primaryimage"},"image":{"@id":"https:\/\/pumpuruvsk.jurmala.lv\/?page_id=2058#primaryimage"},"thumbnailUrl":"https:\/\/pumpuruvsk.jurmala.lv\/wp-content\/uploads\/2024\/08\/soma2.png","datePublished":"2024-08-18T17:01:34+00:00","dateModified":"2024-08-26T17:34:15+00:00","breadcrumb":{"@id":"https:\/\/pumpuruvsk.jurmala.lv\/?page_id=2058#breadcrumb"},"inLanguage":"lv-LV","potentialAction":[{"@type":"ReadAction","target":["https:\/\/pumpuruvsk.jurmala.lv\/?page_id=2058"]}]},{"@type":"ImageObject","inLanguage":"lv-LV","@id":"https:\/\/pumpuruvsk.jurmala.lv\/?page_id=2058#primaryimage","url":"https:\/\/pumpuruvsk.jurmala.lv\/wp-content\/uploads\/2024\/08\/soma2.png","contentUrl":"https:\/\/pumpuruvsk.jurmala.lv\/wp-content\/uploads\/2024\/08\/soma2.png","width":337,"height":78},{"@type":"BreadcrumbList","@id":"https:\/\/pumpuruvsk.jurmala.lv\/?page_id=2058#breadcrumb","itemListElement":[{"@type":"ListItem","position":1,"name":"Home","item":"https:\/\/pumpuruvsk.jurmala.lv\/"},{"@type":"ListItem","position":2,"name":"PROGRAMMA &#8220;LATVIJAS SKOLAS SOMA&#8221;"}]},{"@type":"WebSite","@id":"https:\/\/pumpuruvsk.jurmala.lv\/#website","url":"https:\/\/pumpuruvsk.jurmala.lv\/","name":"J\u016aRMALAS VALSTSPILS\u0112TAS PUMPURU VIDUSSKOLA.","description":"SKOLA IZAUGSMEI","publisher":{"@id":"https:\/\/pumpuruvsk.jurmala.lv\/#organization"},"potentialAction":[{"@type":"SearchAction","target":{"@type":"EntryPoint","urlTemplate":"https:\/\/pumpuruvsk.jurmala.lv\/?s={search_term_string}"},"query-input":"required name=search_term_string"}],"inLanguage":"lv-LV"},{"@type":"Organization","@id":"https:\/\/pumpuruvsk.jurmala.lv\/#organization","name":"J\u016aRMALAS VALSTSPILS\u0112TAS PUMPURU VIDUSSKOLA","url":"https:\/\/pumpuruvsk.jurmala.lv\/","logo":{"@type":"ImageObject","inLanguage":"lv-LV","@id":"https:\/\/pumpuruvsk.jurmala.lv\/#\/schema\/logo\/image\/","url":"https:\/\/pumpuruvsk.jurmala.lv\/wp-content\/uploads\/2024\/02\/cropped-cropped-JPV-mazais-1-2.png","contentUrl":"https:\/\/pumpuruvsk.jurmala.lv\/wp-content\/uploads\/2024\/02\/cropped-cropped-JPV-mazais-1-2.png","width":4500,"height":4500,"caption":"J\u016aRMALAS VALSTSPILS\u0112TAS PUMPURU VIDUSSKOLA"},"image":{"@id":"https:\/\/pumpuruvsk.jurmala.lv\/#\/schema\/logo\/image\/"},"sameAs":["https:\/\/www.facebook.com\/people\/Jrmalas-valstspilstas-Pumpuru-vidusskola\/61565829730579\/"]}]}},"_links":{"self":[{"href":"https:\/\/pumpuruvsk.jurmala.lv\/index.php?rest_route=\/wp\/v2\/pages\/2058","targetHints":{"allow":["GET"]}}],"collection":[{"href":"https:\/\/pumpuruvsk.jurmala.lv\/index.php?rest_route=\/wp\/v2\/pages"}],"about":[{"href":"https:\/\/pumpuruvsk.jurmala.lv\/index.php?rest_route=\/wp\/v2\/types\/page"}],"author":[{"embeddable":true,"href":"https:\/\/pumpuruvsk.jurmala.lv\/index.php?rest_route=\/wp\/v2\/users\/1"}],"replies":[{"embeddable":true,"href":"https:\/\/pumpuruvsk.jurmala.lv\/index.php?rest_route=%2Fwp%2Fv2%2Fcomments&post=2058"}],"version-history":[{"count":16,"href":"https:\/\/pumpuruvsk.jurmala.lv\/index.php?rest_route=\/wp\/v2\/pages\/2058\/revisions"}],"predecessor-version":[{"id":2516,"href":"https:\/\/pumpuruvsk.jurmala.lv\/index.php?rest_route=\/wp\/v2\/pages\/2058\/revisions\/2516"}],"wp:attachment":[{"href":"https:\/\/pumpuruvsk.jurmala.lv\/index.php?rest_route=%2Fwp%2Fv2%2Fmedia&parent=2058"}],"curies":[{"name":"wp","href":"https:\/\/api.w.org\/{rel}","templated":true}]}}