{"id":2179,"date":"2024-08-23T21:19:46","date_gmt":"2024-08-23T19:19:46","guid":{"rendered":"https:\/\/pumpuruvsk.jurmala.lv\/?page_id=2179"},"modified":"2025-09-14T11:53:56","modified_gmt":"2025-09-14T09:53:56","slug":"klases-audzinataji","status":"publish","type":"page","link":"https:\/\/pumpuruvsk.jurmala.lv\/?page_id=2179","title":{"rendered":"KLA\u0160U AUDZIN\u0100T\u0100JI"},"content":{"rendered":"\n<figure class=\"wp-block-table alignleft is-style-stripes has-medium-font-size\"><table class=\"has-fixed-layout\"><thead><tr><th class=\"has-text-align-left\" data-align=\"left\">Audzin\u0101t\u0101ja v\u0101rds, uzv\u0101rds<\/th><th class=\"has-text-align-center\" data-align=\"center\">Audzin\u0101m\u0101 klase<\/th><\/tr><\/thead><tbody><tr><td class=\"has-text-align-left\" data-align=\"left\">Anita Ru\u0161i\u0146a<\/td><td class=\"has-text-align-center\" data-align=\"center\">1.a klase<\/td><\/tr><tr><td class=\"has-text-align-left\" data-align=\"left\">Nata\u013cja Avsejenkova<\/td><td class=\"has-text-align-center\" data-align=\"center\">1.b klase<\/td><\/tr><tr><td class=\"has-text-align-left\" data-align=\"left\">Zane Ru\u0123ele<\/td><td class=\"has-text-align-center\" data-align=\"center\">1.c klase<\/td><\/tr><tr><td class=\"has-text-align-left\" data-align=\"left\">Sanita Dak\u0161a<\/td><td class=\"has-text-align-center\" data-align=\"center\">1.d klase<\/td><\/tr><tr><td class=\"has-text-align-left\" data-align=\"left\">Ilona Torstere<\/td><td class=\"has-text-align-center\" data-align=\"center\">2.a klase<\/td><\/tr><tr><td class=\"has-text-align-left\" data-align=\"left\">Kar\u012bna Kadi\u0137e <\/td><td class=\"has-text-align-center\" data-align=\"center\">2.b klase<\/td><\/tr><tr><td class=\"has-text-align-left\" data-align=\"left\">Vita Lagzdi\u0146a <\/td><td class=\"has-text-align-center\" data-align=\"center\">2.c klase<\/td><\/tr><tr><td class=\"has-text-align-left\" data-align=\"left\">Vineta Liepi\u0146a <\/td><td class=\"has-text-align-center\" data-align=\"center\">2.d klase<\/td><\/tr><tr><td class=\"has-text-align-left\" data-align=\"left\">Brigita Zvirgzdi\u0146a <\/td><td class=\"has-text-align-center\" data-align=\"center\">3.a klase<\/td><\/tr><tr><td class=\"has-text-align-left\" data-align=\"left\">Jana Vilci\u0146a<\/td><td class=\"has-text-align-center\" data-align=\"center\">3.b klase<\/td><\/tr><tr><td class=\"has-text-align-left\" data-align=\"left\">Rita Kronberga <\/td><td class=\"has-text-align-center\" data-align=\"center\">3.c klase<\/td><\/tr><tr><td class=\"has-text-align-left\" data-align=\"left\">Ramona Ponomarenko <\/td><td class=\"has-text-align-center\" data-align=\"center\">3.d klase<\/td><\/tr><tr><td class=\"has-text-align-left\" data-align=\"left\">Ramona Ponomarenko <\/td><td class=\"has-text-align-center\" data-align=\"center\">3.e klase<\/td><\/tr><tr><td class=\"has-text-align-left\" data-align=\"left\">Agita P\u0113tersone <\/td><td class=\"has-text-align-center\" data-align=\"center\">4.a klase<\/td><\/tr><tr><td class=\"has-text-align-left\" data-align=\"left\">Maija Strode<\/td><td class=\"has-text-align-center\" data-align=\"center\">4.b klase<\/td><\/tr><tr><td class=\"has-text-align-left\" data-align=\"left\">Anemarija Cukura<\/td><td class=\"has-text-align-center\" data-align=\"center\">4.c klase<\/td><\/tr><tr><td class=\"has-text-align-left\" data-align=\"left\">Inita Migl\u0101ne<\/td><td class=\"has-text-align-center\" data-align=\"center\">4.d klase<\/td><\/tr><tr><td class=\"has-text-align-left\" data-align=\"left\">Nelija Nazarova <\/td><td class=\"has-text-align-center\" data-align=\"center\">4.e klase<\/td><\/tr><tr><td class=\"has-text-align-left\" data-align=\"left\">Laura Pakse<\/td><td class=\"has-text-align-center\" data-align=\"center\">5.a klase<\/td><\/tr><tr><td class=\"has-text-align-left\" data-align=\"left\">Egija \u0136emere <\/td><td class=\"has-text-align-center\" data-align=\"center\">5.b klase<\/td><\/tr><tr><td class=\"has-text-align-left\" data-align=\"left\">Kristi\u0101na Leji\u0146a<\/td><td class=\"has-text-align-center\" data-align=\"center\">5.c klase<\/td><\/tr><tr><td class=\"has-text-align-left\" data-align=\"left\">\u0112rika Leisa <\/td><td class=\"has-text-align-center\" data-align=\"center\">5.d klase<\/td><\/tr><tr><td class=\"has-text-align-left\" data-align=\"left\">Viktorija Pankratova<\/td><td class=\"has-text-align-center\" data-align=\"center\">5.e klase<\/td><\/tr><tr><td class=\"has-text-align-left\" data-align=\"left\">Austra \u0160teinberga <\/td><td class=\"has-text-align-center\" data-align=\"center\">6.a klase<\/td><\/tr><tr><td class=\"has-text-align-left\" data-align=\"left\">Ieva Silava <\/td><td class=\"has-text-align-center\" data-align=\"center\">6.b klase<\/td><\/tr><tr><td class=\"has-text-align-left\" data-align=\"left\">Ruta \u0160tromane <\/td><td class=\"has-text-align-center\" data-align=\"center\">6.c klase<\/td><\/tr><tr><td class=\"has-text-align-left\" data-align=\"left\">Anita Ievi\u0146a<\/td><td class=\"has-text-align-center\" data-align=\"center\">6.d klase<\/td><\/tr><tr><td class=\"has-text-align-left\" data-align=\"left\">Svetlana Seme\u0161ina<\/td><td class=\"has-text-align-center\" data-align=\"center\">6.e klase<\/td><\/tr><tr><td class=\"has-text-align-left\" data-align=\"left\">Ieva Kn\u0101\u0137e <\/td><td class=\"has-text-align-center\" data-align=\"center\">7.a klase<\/td><\/tr><tr><td class=\"has-text-align-left\" data-align=\"left\">Signija Kri\u017eus<\/td><td class=\"has-text-align-center\" data-align=\"center\">7.b klase<\/td><\/tr><tr><td class=\"has-text-align-left\" data-align=\"left\">Vija Zaikovska <\/td><td class=\"has-text-align-center\" data-align=\"center\">7.c klase<\/td><\/tr><tr><td class=\"has-text-align-left\" data-align=\"left\">Reg\u012bna Boldireva <\/td><td class=\"has-text-align-center\" data-align=\"center\">7.d klase<\/td><\/tr><tr><td class=\"has-text-align-left\" data-align=\"left\">Reg\u012bna Boldireva <\/td><td class=\"has-text-align-center\" data-align=\"center\">7.e klase<\/td><\/tr><tr><td class=\"has-text-align-left\" data-align=\"left\">Agnese Lo\u010dmele <\/td><td class=\"has-text-align-center\" data-align=\"center\">8.a klase<\/td><\/tr><tr><td class=\"has-text-align-left\" data-align=\"left\">Silva Kronberga <\/td><td class=\"has-text-align-center\" data-align=\"center\">8.b klase<\/td><\/tr><tr><td class=\"has-text-align-left\" data-align=\"left\">Dace Vanc\u0101ne <\/td><td class=\"has-text-align-center\" data-align=\"center\">8.c klase<\/td><\/tr><tr><td class=\"has-text-align-left\" data-align=\"left\">Svetlana Seme\u0161ina <\/td><td class=\"has-text-align-center\" data-align=\"center\">8.d klase<\/td><\/tr><tr><td class=\"has-text-align-left\" data-align=\"left\">Elita Lufta <\/td><td class=\"has-text-align-center\" data-align=\"center\">9.a klase<\/td><\/tr><tr><td class=\"has-text-align-left\" data-align=\"left\">Agrita Br\u016bna<\/td><td class=\"has-text-align-center\" data-align=\"center\">9.b klase<\/td><\/tr><tr><td class=\"has-text-align-left\" data-align=\"left\">J\u016blija Morgunova<\/td><td class=\"has-text-align-center\" data-align=\"center\">9.c klase<\/td><\/tr><tr><td class=\"has-text-align-left\" data-align=\"left\">Anastasija Boldireva <\/td><td class=\"has-text-align-center\" data-align=\"center\">9.d klase<\/td><\/tr><tr><td class=\"has-text-align-left\" data-align=\"left\">L\u012bga S\u012bpola<\/td><td class=\"has-text-align-center\" data-align=\"center\">10.a klase<\/td><\/tr><tr><td class=\"has-text-align-left\" data-align=\"left\">Inta Pauli\u0146a<\/td><td class=\"has-text-align-center\" data-align=\"center\">10.b klase<\/td><\/tr><tr><td class=\"has-text-align-left\" data-align=\"left\">J\u016bnija Vanaga<\/td><td class=\"has-text-align-center\" data-align=\"center\">10.c klase<\/td><\/tr><tr><td class=\"has-text-align-left\" data-align=\"left\">Agnija Ruzule &#8211; Jaudzeme<\/td><td class=\"has-text-align-center\" data-align=\"center\">10.d klase<\/td><\/tr><tr><td class=\"has-text-align-left\" data-align=\"left\">Ligija \u0136emere <\/td><td class=\"has-text-align-center\" data-align=\"center\">11.a klase<\/td><\/tr><tr><td class=\"has-text-align-left\" data-align=\"left\">M\u0101rti\u0146\u0161 \u0136emers <\/td><td class=\"has-text-align-center\" data-align=\"center\">11.b klase<\/td><\/tr><tr><td class=\"has-text-align-left\" data-align=\"left\">Indra Kra\u0123e <\/td><td class=\"has-text-align-center\" data-align=\"center\">11.c klase<\/td><\/tr><tr><td class=\"has-text-align-left\" data-align=\"left\">Indra Kra\u0123e<\/td><td class=\"has-text-align-center\" data-align=\"center\">11.d klase<\/td><\/tr><tr><td class=\"has-text-align-left\" data-align=\"left\">Mud\u012bte Pr\u016bse <\/td><td class=\"has-text-align-center\" data-align=\"center\">12.a klase<\/td><\/tr><tr><td class=\"has-text-align-left\" data-align=\"left\">Irita Embrekte <\/td><td class=\"has-text-align-center\" data-align=\"center\">12.b klase<\/td><\/tr><tr><td class=\"has-text-align-left\" data-align=\"left\">Irita Embrekte <\/td><td class=\"has-text-align-center\" data-align=\"center\">12.c klase<\/td><\/tr><tr><td class=\"has-text-align-left\" data-align=\"left\">Daila Linde <\/td><td class=\"has-text-align-center\" data-align=\"center\">12.d klase<\/td><\/tr><\/tbody><\/table><\/figure>\n\n\n\n<p><\/p>\n","protected":false},"excerpt":{"rendered":"<p>Audzin\u0101t\u0101ja v\u0101rds, uzv\u0101rds Audzin\u0101m\u0101 klase Anita Ru\u0161i\u0146a 1.a klase Nata\u013cja Avsejenkova 1.b klase Zane Ru\u0123ele 1.c klase Sanita Dak\u0161a 1.d klase Ilona Torstere 2.a klase Kar\u012bna Kadi\u0137e 2.b klase Vita Lagzdi\u0146a 2.c klase Vineta Liepi\u0146a 2.d klase Brigita Zvirgzdi\u0146a 3.a klase Jana Vilci\u0146a 3.b klase Rita Kronberga 3.c klase Ramona Ponomarenko 3.d klase Ramona Ponomarenko&#8230;<\/p>\n","protected":false},"author":1,"featured_media":0,"parent":0,"menu_order":0,"comment_status":"closed","ping_status":"closed","template":"","meta":{"footnotes":""},"class_list":["post-2179","page","type-page","status-publish","hentry"],"yoast_head":"<!-- This site is optimized with the Yoast SEO plugin v23.1 - https:\/\/yoast.com\/wordpress\/plugins\/seo\/ -->\n<title>KLA\u0160U AUDZIN\u0100T\u0100JI - J\u016aRMALAS VALSTSPILS\u0112TAS PUMPURU VIDUSSKOLA<\/title>\n<meta name=\"robots\" content=\"index, follow, max-snippet:-1, max-image-preview:large, max-video-preview:-1\" \/>\n<link rel=\"canonical\" href=\"https:\/\/pumpuruvsk.jurmala.lv\/?page_id=2179\" \/>\n<meta property=\"og:locale\" content=\"lv_LV\" \/>\n<meta property=\"og:type\" content=\"article\" \/>\n<meta property=\"og:title\" content=\"KLA\u0160U AUDZIN\u0100T\u0100JI - J\u016aRMALAS VALSTSPILS\u0112TAS PUMPURU VIDUSSKOLA\" \/>\n<meta property=\"og:description\" content=\"Audzin\u0101t\u0101ja v\u0101rds, uzv\u0101rds Audzin\u0101m\u0101 klase Anita Ru\u0161i\u0146a 1.a klase Nata\u013cja Avsejenkova 1.b klase Zane Ru\u0123ele 1.c klase Sanita Dak\u0161a 1.d klase Ilona Torstere 2.a klase Kar\u012bna Kadi\u0137e 2.b klase Vita Lagzdi\u0146a 2.c klase Vineta Liepi\u0146a 2.d klase Brigita Zvirgzdi\u0146a 3.a klase Jana Vilci\u0146a 3.b klase Rita Kronberga 3.c klase Ramona Ponomarenko 3.d klase Ramona Ponomarenko...\" \/>\n<meta property=\"og:url\" content=\"https:\/\/pumpuruvsk.jurmala.lv\/?page_id=2179\" \/>\n<meta property=\"og:site_name\" content=\"J\u016aRMALAS VALSTSPILS\u0112TAS PUMPURU VIDUSSKOLA\" \/>\n<meta property=\"article:publisher\" content=\"https:\/\/www.facebook.com\/people\/Jrmalas-valstspilstas-Pumpuru-vidusskola\/61565829730579\/\" \/>\n<meta property=\"article:modified_time\" content=\"2025-09-14T09:53:56+00:00\" \/>\n<meta name=\"twitter:card\" content=\"summary_large_image\" \/>\n<meta name=\"twitter:label1\" content=\"Est. reading time\" \/>\n\t<meta name=\"twitter:data1\" content=\"2 min\u016btes\" \/>\n<script type=\"application\/ld+json\" class=\"yoast-schema-graph\">{\"@context\":\"https:\/\/schema.org\",\"@graph\":[{\"@type\":\"WebPage\",\"@id\":\"https:\/\/pumpuruvsk.jurmala.lv\/?page_id=2179\",\"url\":\"https:\/\/pumpuruvsk.jurmala.lv\/?page_id=2179\",\"name\":\"KLA\u0160U AUDZIN\u0100T\u0100JI - J\u016aRMALAS VALSTSPILS\u0112TAS PUMPURU VIDUSSKOLA\",\"isPartOf\":{\"@id\":\"https:\/\/pumpuruvsk.jurmala.lv\/#website\"},\"datePublished\":\"2024-08-23T19:19:46+00:00\",\"dateModified\":\"2025-09-14T09:53:56+00:00\",\"breadcrumb\":{\"@id\":\"https:\/\/pumpuruvsk.jurmala.lv\/?page_id=2179#breadcrumb\"},\"inLanguage\":\"lv-LV\",\"potentialAction\":[{\"@type\":\"ReadAction\",\"target\":[\"https:\/\/pumpuruvsk.jurmala.lv\/?page_id=2179\"]}]},{\"@type\":\"BreadcrumbList\",\"@id\":\"https:\/\/pumpuruvsk.jurmala.lv\/?page_id=2179#breadcrumb\",\"itemListElement\":[{\"@type\":\"ListItem\",\"position\":1,\"name\":\"Home\",\"item\":\"https:\/\/pumpuruvsk.jurmala.lv\/\"},{\"@type\":\"ListItem\",\"position\":2,\"name\":\"KLA\u0160U AUDZIN\u0100T\u0100JI\"}]},{\"@type\":\"WebSite\",\"@id\":\"https:\/\/pumpuruvsk.jurmala.lv\/#website\",\"url\":\"https:\/\/pumpuruvsk.jurmala.lv\/\",\"name\":\"J\u016aRMALAS VALSTSPILS\u0112TAS PUMPURU VIDUSSKOLA.\",\"description\":\"SKOLA IZAUGSMEI\",\"publisher\":{\"@id\":\"https:\/\/pumpuruvsk.jurmala.lv\/#organization\"},\"potentialAction\":[{\"@type\":\"SearchAction\",\"target\":{\"@type\":\"EntryPoint\",\"urlTemplate\":\"https:\/\/pumpuruvsk.jurmala.lv\/?s={search_term_string}\"},\"query-input\":\"required name=search_term_string\"}],\"inLanguage\":\"lv-LV\"},{\"@type\":\"Organization\",\"@id\":\"https:\/\/pumpuruvsk.jurmala.lv\/#organization\",\"name\":\"J\u016aRMALAS VALSTSPILS\u0112TAS PUMPURU VIDUSSKOLA\",\"url\":\"https:\/\/pumpuruvsk.jurmala.lv\/\",\"logo\":{\"@type\":\"ImageObject\",\"inLanguage\":\"lv-LV\",\"@id\":\"https:\/\/pumpuruvsk.jurmala.lv\/#\/schema\/logo\/image\/\",\"url\":\"https:\/\/pumpuruvsk.jurmala.lv\/wp-content\/uploads\/2024\/02\/cropped-cropped-JPV-mazais-1-2.png\",\"contentUrl\":\"https:\/\/pumpuruvsk.jurmala.lv\/wp-content\/uploads\/2024\/02\/cropped-cropped-JPV-mazais-1-2.png\",\"width\":4500,\"height\":4500,\"caption\":\"J\u016aRMALAS VALSTSPILS\u0112TAS PUMPURU VIDUSSKOLA\"},\"image\":{\"@id\":\"https:\/\/pumpuruvsk.jurmala.lv\/#\/schema\/logo\/image\/\"},\"sameAs\":[\"https:\/\/www.facebook.com\/people\/Jrmalas-valstspilstas-Pumpuru-vidusskola\/61565829730579\/\"]}]}<\/script>\n<!-- \/ Yoast SEO plugin. -->","yoast_head_json":{"title":"KLA\u0160U AUDZIN\u0100T\u0100JI - J\u016aRMALAS VALSTSPILS\u0112TAS PUMPURU VIDUSSKOLA","robots":{"index":"index","follow":"follow","max-snippet":"max-snippet:-1","max-image-preview":"max-image-preview:large","max-video-preview":"max-video-preview:-1"},"canonical":"https:\/\/pumpuruvsk.jurmala.lv\/?page_id=2179","og_locale":"lv_LV","og_type":"article","og_title":"KLA\u0160U AUDZIN\u0100T\u0100JI - J\u016aRMALAS VALSTSPILS\u0112TAS PUMPURU VIDUSSKOLA","og_description":"Audzin\u0101t\u0101ja v\u0101rds, uzv\u0101rds Audzin\u0101m\u0101 klase Anita Ru\u0161i\u0146a 1.a klase Nata\u013cja Avsejenkova 1.b klase Zane Ru\u0123ele 1.c klase Sanita Dak\u0161a 1.d klase Ilona Torstere 2.a klase Kar\u012bna Kadi\u0137e 2.b klase Vita Lagzdi\u0146a 2.c klase Vineta Liepi\u0146a 2.d klase Brigita Zvirgzdi\u0146a 3.a klase Jana Vilci\u0146a 3.b klase Rita Kronberga 3.c klase Ramona Ponomarenko 3.d klase Ramona Ponomarenko...","og_url":"https:\/\/pumpuruvsk.jurmala.lv\/?page_id=2179","og_site_name":"J\u016aRMALAS VALSTSPILS\u0112TAS PUMPURU VIDUSSKOLA","article_publisher":"https:\/\/www.facebook.com\/people\/Jrmalas-valstspilstas-Pumpuru-vidusskola\/61565829730579\/","article_modified_time":"2025-09-14T09:53:56+00:00","twitter_card":"summary_large_image","twitter_misc":{"Est. reading time":"2 min\u016btes"},"schema":{"@context":"https:\/\/schema.org","@graph":[{"@type":"WebPage","@id":"https:\/\/pumpuruvsk.jurmala.lv\/?page_id=2179","url":"https:\/\/pumpuruvsk.jurmala.lv\/?page_id=2179","name":"KLA\u0160U AUDZIN\u0100T\u0100JI - J\u016aRMALAS VALSTSPILS\u0112TAS PUMPURU VIDUSSKOLA","isPartOf":{"@id":"https:\/\/pumpuruvsk.jurmala.lv\/#website"},"datePublished":"2024-08-23T19:19:46+00:00","dateModified":"2025-09-14T09:53:56+00:00","breadcrumb":{"@id":"https:\/\/pumpuruvsk.jurmala.lv\/?page_id=2179#breadcrumb"},"inLanguage":"lv-LV","potentialAction":[{"@type":"ReadAction","target":["https:\/\/pumpuruvsk.jurmala.lv\/?page_id=2179"]}]},{"@type":"BreadcrumbList","@id":"https:\/\/pumpuruvsk.jurmala.lv\/?page_id=2179#breadcrumb","itemListElement":[{"@type":"ListItem","position":1,"name":"Home","item":"https:\/\/pumpuruvsk.jurmala.lv\/"},{"@type":"ListItem","position":2,"name":"KLA\u0160U AUDZIN\u0100T\u0100JI"}]},{"@type":"WebSite","@id":"https:\/\/pumpuruvsk.jurmala.lv\/#website","url":"https:\/\/pumpuruvsk.jurmala.lv\/","name":"J\u016aRMALAS VALSTSPILS\u0112TAS PUMPURU VIDUSSKOLA.","description":"SKOLA IZAUGSMEI","publisher":{"@id":"https:\/\/pumpuruvsk.jurmala.lv\/#organization"},"potentialAction":[{"@type":"SearchAction","target":{"@type":"EntryPoint","urlTemplate":"https:\/\/pumpuruvsk.jurmala.lv\/?s={search_term_string}"},"query-input":"required name=search_term_string"}],"inLanguage":"lv-LV"},{"@type":"Organization","@id":"https:\/\/pumpuruvsk.jurmala.lv\/#organization","name":"J\u016aRMALAS VALSTSPILS\u0112TAS PUMPURU VIDUSSKOLA","url":"https:\/\/pumpuruvsk.jurmala.lv\/","logo":{"@type":"ImageObject","inLanguage":"lv-LV","@id":"https:\/\/pumpuruvsk.jurmala.lv\/#\/schema\/logo\/image\/","url":"https:\/\/pumpuruvsk.jurmala.lv\/wp-content\/uploads\/2024\/02\/cropped-cropped-JPV-mazais-1-2.png","contentUrl":"https:\/\/pumpuruvsk.jurmala.lv\/wp-content\/uploads\/2024\/02\/cropped-cropped-JPV-mazais-1-2.png","width":4500,"height":4500,"caption":"J\u016aRMALAS VALSTSPILS\u0112TAS PUMPURU VIDUSSKOLA"},"image":{"@id":"https:\/\/pumpuruvsk.jurmala.lv\/#\/schema\/logo\/image\/"},"sameAs":["https:\/\/www.facebook.com\/people\/Jrmalas-valstspilstas-Pumpuru-vidusskola\/61565829730579\/"]}]}},"_links":{"self":[{"href":"https:\/\/pumpuruvsk.jurmala.lv\/index.php?rest_route=\/wp\/v2\/pages\/2179","targetHints":{"allow":["GET"]}}],"collection":[{"href":"https:\/\/pumpuruvsk.jurmala.lv\/index.php?rest_route=\/wp\/v2\/pages"}],"about":[{"href":"https:\/\/pumpuruvsk.jurmala.lv\/index.php?rest_route=\/wp\/v2\/types\/page"}],"author":[{"embeddable":true,"href":"https:\/\/pumpuruvsk.jurmala.lv\/index.php?rest_route=\/wp\/v2\/users\/1"}],"replies":[{"embeddable":true,"href":"https:\/\/pumpuruvsk.jurmala.lv\/index.php?rest_route=%2Fwp%2Fv2%2Fcomments&post=2179"}],"version-history":[{"count":24,"href":"https:\/\/pumpuruvsk.jurmala.lv\/index.php?rest_route=\/wp\/v2\/pages\/2179\/revisions"}],"predecessor-version":[{"id":5321,"href":"https:\/\/pumpuruvsk.jurmala.lv\/index.php?rest_route=\/wp\/v2\/pages\/2179\/revisions\/5321"}],"wp:attachment":[{"href":"https:\/\/pumpuruvsk.jurmala.lv\/index.php?rest_route=%2Fwp%2Fv2%2Fmedia&parent=2179"}],"curies":[{"name":"wp","href":"https:\/\/api.w.org\/{rel}","templated":true}]}}